1?
-5
What is 7 + -2 - (15 - 7)?
-3
What is (1 - (8 + -7)) + -4?
-4
3 + -1 + -3 + 4 + 3
6
-1 + -6 + (-1 - -11)
3
Evaluate (-1 + 1 - 0) + 6.
6
-1 + 0 + (-117 - -122)
4
0 + (-1 + 4 - 1)
2
-32 - -29 - (0 - 3)
0
What is the value of 10 + -2 + (-3 + 0 - -1)?
6
What is the value of -3 + 5 + 5 + 2?
9
Calculate -1 - (3 - (5 - -1)).
2
Calculate 4 - (-10 + 12 - (-8 + 1)).
-5
What is the value of -1 - -3 - (0 + (5 - -1))?
-4
Calculate -3 - (5 + 0 + (2 - 3)).
-7
Calculate 2 + -7 - (-15 - (-4 + -2)).
4
-7 + -3 + 5 + 7 + 2
4
What is -1 + 8 + -11 + (3 - -5)?
4
Calculate -2 + 2 + -2 + 3 - 2.
-1
What is (-2 - 2) + -6 + 6?
-4
Evaluate 2 + -1 + (-3 - 1) + 6.
3
What is the value of 2 + 2 + (7 - 6) + -3?
2
0 - (6 + -5 + 4)
-5
What is -3 - (2 + -8) - 3?
0
What is -6 - 3 - -3 - (18 - 30)?
6
What is -3 + (-3 + 1 - -5) - 2?
-2
Evaluate -1 + 2 + -4 + 1.
-2
What is the value of -3 + -5 + (-1 - -4)?
-5
(-1 - -8) + -7 + 3
3
What is (-1 - (12 + -1 + -7)) + -1?
-6
61 - 61 - (-1 - -6)
-5
What is (-2 - -14) + 31 + -39?
4
-2 - (-5 + 3 - 5)
5
-12 + 19 + -8 - -7
6
Evaluate (8 - 9) + (1 - 0) - -2.
2
What is (-7 - (1 - 6) - 2) + 6?
2
2 + 0 + 3 + -5
0
Evaluate -90 + 96 + (-1 - -5).
10
Evaluate -4 - 6 - (-4 + 3).
-9
1 - ((11 - 6) + 1)
-5
Calculate -2 - -5 - (20 + -16 + 4).
-5
What is the value of 1 + -2 + 12 + -20?
-9
What is 8 + -4 + 4 + -8 + -2?
-2
What is (10 - 9) + -5 - (1 + -5)?
0
What is the value of 2 + -1 + -3 + 8?
6
What is the value of 8 + (-1 - 0 - 2)?
5
Evaluate 1 - (0 + 1) - (16 + -13).
-3
Calculate (-4 + -6 - -6) + -1 + 9.
4
Evaluate (-2 - 1) + -5 + 17.
9
-4 + (8 + -1 - 4)
-1
What is (3 - 1) + 7 + (-5 - 6)?
-2
What is the value of 1 + 0 + (0 + -7 - 3)?
-9
6 + -3 + (6 - (5 - -6))
-2
Calculate 2 - (-1 + 0 + 0).
3
Calculate 0 - 1 - -1 - -2.
2
Calculate (9 - ((-5 - -3) + 9)) + 1.
3
Calculate (-3 + (0 - -1) - 0) + 1.
-1
Calculate -3 - (0 + -1) - (3 + -3).
-2
3 + -2 + 1 - (-5 + 1)
6
What is (-5 - 0) + 10 + -1 + -5?
-1
What is 16 + -18 - (-1 - 3)?
2
What is (16 - 11 - (5 - 1)) + -6?
-5
-7 - (-8 + -12 + 4)
9
Calculate 1 + 2 - ((8 - 12) + 5).
2
What is 1 - 4 - (-4 - 1)?
2
Calculate -8 + 5 + 0 + 1.
-2
What is -10 + 4 + 2 - -5?
1
1 - 8 - ((-2 - 2) + 1)
-4
Evaluate 2 - 10 - (-1 - (1 + 2)).
-4
-3 - (1 + -7) - 7
-4
What is the value of (2 - 1) + -2 + 6?
5
Calculate 1 + -3 + (3 - (-3 - -3)).
1
Calculate (-4 + -5 - -6) + 3.
0
Evaluate -3 - ((2 - 3 - -1) + -4).
1
What is the value of 3 + -2 + 0 - 2?
-1
Evaluate (-4 - (3 - (5 + 3))) + -3.
-2
Evaluate -1 + (-2 - (-2 + 0 + 0)).
-1
Calculate -4 - (-1 - (-3 + -6 + 5)).
-7
What is the value of (-5 - 1) + -3 + 5?
-4
Calculate (-6 - (0 - 5)) + 3.
2
Evaluate 0 + -2 + 4 - 1.
1
-6 - (-2 + 3 + -6)
-1
Evaluate (4 - 3) + (4 - 3 - -6).
8
Calculate 4 + (-19 - -12) + 0 + 7.
4
Evaluate 2 + -11 + (5 - 1) + 2.
-3
What is the value of -11 - ((8 - 2) + -22)?
5
What is the value of (1 - (9 - 16)) + -1?
7
Calculate -13 - (-2 + -2 - 2).
-7
What is the value of -7 - (5 + -10) - 2?
-4
What is the value of 7 + (4 + -6 - -3) + -15?
-7
Evaluate 1 - 1 - (-20 - -22 - -5).
-7
What is -12 - -14 - (2 + 1)?
-1
Evaluate (6 - (1 - (1 - 2))) + 1.
5
Evaluate -4 - (-6 + 16 - 12).
-2
What is (5 - 3) + -1 + 3 + -9?
-5
Calculate -2 - (-2 - (-10 + (7 - 3))).
-6
What is 1 - ((2 - -6) + -14)?
7
What is (-9 + 4 - -3) + -2?
-4
(-2 - 1) + -17 + 17
-3
Evaluate (7 - 4) + (-21 - -24).
6
What is the value of 1 - (1 + 7) - (47 + -50)?
-4
3 - (2 - ((1 - 2) + -1))
-1
-3 + (4 + 1 - 3) + 4
3
Evaluate -8 - 1 - (-38 + 23).
6
Evaluate 1 + 2 + -4 + (5 - 0).
4
What is (2 - -4) + (10 - 11) - -3?
8
Calculate (3 - (-9 - -6)) + -9 + 5.
2
Evaluate 2 + -3 + 3 - -3.
5
What is (-8 + 6 - -6) + -8 - -3?
-1
Calculate 3 + -1 + -4 + -6 + 8.
0
Calculate -5 + (2 - (-16 + (7 - 1))).
7
-3 + (-3 - -3 - -2) - 0
-1
Calculate -2 + 1 - (6 - -1 - 8).
0
What is -6 + 12 + -10 - -2?
-2
What is the value of -13 + (9 - (2 + 6 + -1))?
-11
-5 - -4 - (-10 - (-3 + -1))
5
-12 + 4 + (13 - 3)
2
What is the value of (3 - 1) + -22 + 20 - -2?
2
Evaluate (-1 - 0) + -15 + (14 - -3).
1
What is 0 + 0 - -2 - (-7 - -7)?
2
4 - (-5 + 4) - 3
2
What is the value of 4 - (7 - (2 - -7))?
6
What is 3 - (4 - 4 - 2)?
5
Calculate 1 + (0 - 1) + (-6 - -1).
-5
What is the value of 3 + (2 - 5) + 0?
0
What is the value of (3 - 0) + 1 + -6 + 11?
9
What is (-3 - (-1 - -3)) + (2 - -4)?
1
8 + -6 + (-3 - 1)
-2
Calculate 1 + (-2 - -4) + (-14 - -10).
-1
Evaluate (-2 - (-2 - (4 - 1))) + -8.
-5
What is -13 + 2 + 1 + 7?
-3
Evaluate 39 + -35 + (-3 - (-1 - 0)).
2
(-6 - -1) + (12 - 9)
-2
(-6 - -2) + 4 + 4 + 3
7
What is the value of 1 + -5 + 3 - -1?
0
Evaluate -7 + 5 + -7 + 5.
-4
7 + 0 + -2 - (-3 - -2)
6
Calculate 5 - (-1 - (4 + -2 + -2)).
6
What is the value of 5 - (1 + 9 + -4 + -3)?
2
What is the value of -7 - ((-6 - -8) + -3) - -10?
4
Calculate 7 - (11 - (6 + 2)).
4
Evaluate 0 - (0 - (4 - 1)).
3
Evaluate 6 + -2 + 1 + 0.
5
Calculate 17 + -17 - (1 + -7).
6
Evaluate 3 - (-3 - (9 + -13)).
2
Calculate -2 + (-1 - 1) + (-10 - -13).
-1
Calculate (7 - 0) + -1 + -2.
4
(-5 - -5) + 2 + (4 - 1)
5
Evaluate -10 + 2 + (-13 - -21).
0
What is the value of 0 + 7 - (11 + -20 - -10)?
6
What is the value of 4 - 4 - (1 + (-3 - 2))?
4
What is the value of 1 + 1 + -2 - -1?
1
-29 - -24 - (-6 - -1)
0
Evaluate -17 - (1 + 7 - 18).
-7
Calculate -37 + 32 + (7 - (2 - 0)).
0
What is the value of 3 + 1 - (3 + -1)?
2
What is the value of -4 + (-7 - -6) - -3?
-2
What is (0 + -2 - -8) + -2?
4
What is -2 - (2 + (0 - 0))?
-4
-5 + 1 + 9 + 5
10
What is the value of 2 - ((-5 - -5) + 0)?
2
What is 5 + (-11 - -4) + 3?
1
What is the value of -5 + (5 - (4 + -1))?
-3
What is the value of -5 + (18 + -13 - (-2 - -1))?
1
What is (2 - 7) + 2 - -6 - 7?
-4
What is the value of (1 - 10) + (-21 + 20 - 0)?
-10
What is (9 - (-1 + 4)) + -6?
0
What is (-2 - -8 - 2) + 4 - 4?
4
What is the value of 9 + 10 + -27 + 1?
-7
What is the value of (10 + 0 - 0) + -14?
-4
Evaluate -3 + 1 + (0 - -1) - 3.
-4
Evaluate (0 - 11) + (6 - -1).
-4
Evaluate 2 - (-17 + 12) - 13.
-6
Calculate -5 + (0 - 4 - -6 - -1).
-2
Evaluate -2 + 1 + 1 + -3 + 3.
0
What is the value of -3 - ((-6 - -2) + 4)?
-3
What is the value of 7 + 2 + -2 + 0?
7
39 + -45 + -1 + 10
3
What is the value of (-4 - (-9 - 1)) + -5?
1
Calculate 7 + -2 + (-6 - -2).
1
Evaluate -4 - (11 + (1 - 10)).
-6
What is (-16 - -2) + (-16 - -26)?
-4
-4 + (8 - 3) + -1 + -5
-5
-9 - (-4 - -4 - 16)
7
What is the value of 23 + -3 + -4 + -11?
5
-14 + (1 - (-4 + -3))
-6
Evaluate -8 - -12 - (9 + -4).
-1
Calculate -5 + 3 - (1 + -3).
0
Calculate (6 + -3 - -4) + -8.
-1
1 + (30 - 37) + (0 - 1)
-7
What is 2 + 1 + 4 + -7?
0
What is 4 - 0 - (-1 + -4 + 9)?
0
What is the value of 2 - 1 - -1 - 0?
2
What is the value of -1 - -1 - 1 - -1?
0
What is 3 - (1 - 1 - -4)?
-1
What is the value of 0 + 3 + (-16 - -5 - -12)?
4
Calculate -11 + 2 - -9 - (5 - 0).
-5
-1 + 5 - (14 - 11) - 2
-1
-5 + 1 - (-5 - -9 - 7)
-1
Calculate -6 + 4 + 5 - (-4 - -2).
5
Calculate 3 - (-3 - 2 - (-6 + 2)).
4
What is -4 + (1 - 1) + -9 + 8?
-5
4 + -4 + (4 + -2 - -2)
4
What is the value of -2 - (-3 + 0) - (-2 - -1)?
2
Calculate -4 + 0 + -1 + 5.
0
-6 + 1 - (13 + -17)
-1
What is (-7 + 2 - -8) + 5?
8
Evaluate (3 - 6) + 0 - (16 - 20).
1
Calculate -4 + 3 + 5 + (-22 - -15).
-3
What is the value of 7 - 8 - (-6 + 4)?
1
Calculate 0 + -1 - (9 - 5).
-5
Evaluate (1 - 3) + 3 + (9 - 5).
5
What is 0 - (7 + -3) - -1?
-3
-5 + (-2 - (-5 + 3))
-5
Calculate -1 + (-4 - -3) - -5 - -1.
4
What is 29 - 41 - (-6 + 0)?
-6
What is the value of -5 + 5 - 2 - 7?
-9
What is (-46 - -43) + 3 + 2 + -7?
-5
-8 + 0 - (20 + -29)
1
What is the value of (3 - (1 + -2)) + -8?
-4
What is -2 - 4 - (-7 - -11 - 3)?
-7
(5 - -2 - (4 + 3)) + 5
5
(-1 - -11) + 136 + -146
0
Calculate (-1 - 3 - 4) + 12.
4
Calculate (21 - 12) + -18 + 8.
-1
-18 + 3 - (2 - 6)
-11
Calculate -1 - -6 - (7 + 0 + -7).
5
What is 2 - (-2 - (-6 + 3))?
1
(1 - (2 + 1 - 7)) + -2
3
What is (2 - 7) + (-1 - -1)?
-5
Evaluate -7 - (-16 + (7 - 1) + 1).
2
Evaluate 13 + (-7 - (0 + 0)).
6
Evaluate 5 + -3 + 3 + -5.
0
2 + -7 + 11 + -2
4
Evaluate -22 + 15 + (0 - -13).
6
What is the value of (-4 - (0 + 7) - -7) + 5?
1
What is the value of -3 + (-3 - (-3 + 3 + -3))?
-3
What is the value of (-8 - -1) + (2 - (8 + -8))?
-5
Calculate -4 + 1 - (0 - -4) - -4.
-3
Calculate 0 - (-6 + -1 + 2 + -1).
6
What is -10 + -1 - (-15 + 9)?
-5
What is -6 + (6 - 7 - 